e factors of p.
2, 29
Suppose -58*u - 1002681 = -1564135 - 4134052. List the prime factors of u.
73, 1109
Let w = 45896 + 24821. What are the prime factors of w?
70717
Suppose -110023 + 524523 = 5*g. What are the prime factors of g?
2, 5, 829
Let y be (-8 + 2 + -1016)*-1. Suppose 3*a - 2944 - y = 0. What are the prime factors of a?
2, 661
Let r(z) = 23*z**3 - 25*z**2 + 5*z + 161. What are the prime factors of r(9)?
2, 37, 101
Let i be (-430)/5 - 12/((-3)/1). Let d = i + -5. Let n = d - -203. What are the prime factors of n?
2, 29
Let b(r) = -5*r - 16*r - 6*r - 2 + 3*r. What are the prime factors of b(-7)?
2, 83
Let w(i) = -2*i**3 + 9*i**2 - 7*i + 3. Let q be w(4). Let z(k) = k**3 + 11*k**2 + 15*k - 15. What are the prime factors of z(q)?
2, 3
Let z(s) = -96 + 8*s**2 - 87 - s**3 + 21*s + 14*s + 6*s**2 + 187. What are the prime factors of z(-8)?
2, 283
Let v = 18587 - 6471. Suppose -18*s + v = -13462. What are the prime factors of s?
7, 29
Suppose -26*s - 95*s + 18740 = -52045. What are the prime factors of s?
3, 5, 13
List the prime factors of (530/159)/((-5)/(-124))*114.
2, 19, 31
Let f(j) = -9*j**3 + j**2 - 14*j + 14. What are the prime factors of f(-4)?
2, 331
Suppose -l + 28*k = 29*k - 22808, 3*l + 2*k - 68432 = 0. What are the prime factors of l?
2, 23, 31
Let o(d) = -d - 1. Let q(s) = s**3 + 11*s**2 - 14*s - 21. Let f(z) = -o(z) + q(z). Let a be f(-8). Suppose -53*j = -49*j - a. List the prime factors of j.
3, 23
Suppose -21*x + 100096 = -289286. What are the prime factors of x?
2, 73, 127
Let w = 10 + 147. Suppose 156*l - w*l + 421 = 0. What are the prime factors of l?
421
Suppose -3*a - 132 = -4*b - a, 4*b - a = 132. Let j = 35 - b. List the prime factors of j/5 + 156/10.
2
Suppose 3*d - 79912 = 83*h - 81*h, 2*h - 26648 = -d. What are the prime factors of d?
2, 3, 5, 37
Let u = 7704 - 3162. What are the prime factors of u?
2, 3, 757
Let n = 2 + 3. Let h = 4 - n. Let a(d) = -109*d - 3. What are the prime factors of a(h)?
2, 53
Suppose 2*l + 48 = 48. Suppose -2*j + 3*c + 996 = l, -4*j - 4*c + 73 = -1959. What are the prime factors of j?
2, 3, 7
Let p(k) = 15*k**2 - 9*k + 12. Let u be p(5). Suppose -m - u = m. Let z = m + 289. What are the prime factors of z?
2, 59
Let k(x) = -8*x - 30. Suppose 13*n = 8*n - 50. Let j be 0 + 12/n*(-2 - -7). List the prime factors of k(j).
2, 3
Let x = -41376 - -58425. What are the prime factors of x?
3, 5683
Let h be (70/(-14))/(0 + -1). Suppose -711 = -h*d + 1119. Suppose -t = -3 - 1, t + d = 5*j. What are the prime factors of j?
2, 37
Suppose 4*b - 2*j = 86, -5*b - 3*j + 96 = 16. Suppose 3196 = b*p - 2*p. List the prime factors of p.
2, 47
Let s(y) be the second derivative of y**6/120 - 7*y**5/60 + y**4/2 - y**3 + 2*y. Let n(m) be the second derivative of s(m). What are the prime factors of n(5)?
17
Suppose -5*b - 2*j + 3003 = 0, 4*j - 9*j - 1178 = -2*b. Let r = -514 + b. What are the prime factors of r?
5, 17
Suppose -10955 = 34*m - 41*m. What are the prime factors of m - (-5 - -14 - (6 + -3))?
1559
Let c be 25 + -24 - (-1)/(-2)*2. Suppose -5*v - x = -859, 0*x + 3*x + 3 = c. What are the prime factors of v?
2, 43
Suppose -124*u + 591555 + 1965021 = -4374528. What are the prime factors of u?
2, 3, 17, 137
Let t(m) = -4*m**3 - 80*m**2 - 25*m - 328. What are the prime factors of t(-25)?
67, 191
Let z(f) = -7*f - 36. Let n be 2*(4 + (-5 - 4)). List the prime factors of z(n).
2, 17
Suppose -11 = -4*o - 3. Suppose -o*y + y = 0. Suppose -4*r + 5*c - 2*c + 326 = y, -3*r + 4*c = -241. List the prime factors of r.
83
Let b(m) = -149 + 18*m + 46 + 6*m. What are the prime factors of b(36)?
761
Let x be 2/((-32)/40)*2/(-1). Let f(o) = o - 9. Let m be f(x). What are the prime factors of (36/(-45))/(m/410)?
2, 41
Let x(l) = 20*l - 35. Let w be (-38)/(-1) - (-4 + 4). Suppose -w - 2 = -4*s. List the prime factors of x(s).
3, 5, 11
Suppose -4*y = -234 + 42. Let i = 211 - y. Suppose 229 = 5*q - 4*v, q + 4*v = -2*q + i. What are the prime factors of q?
7
Let i(y) be the first derivative of -3*y**2 + 125*y - 70. What are the prime factors of i(-12)?
197
Let o(z) = 3*z**2 - z - 8. Let t be o(4). Let x = 42 - t. Suppose 3*m - 6*m = -x. What are the prime factors of m?
2
Let m(c) = c**3 - 7*c**2 + 10*c + 3. Let f be m(5). Suppose -f*k + 174 = -18. List the prime factors of 24/k - 938/(-16).
59
Suppose -5*h = -12*h - 245. Let p = h + 38. Suppose -p*d + 27 = -72. What are the prime factors of d?
3, 11
Let r = -3995 - -13605. List the prime factors of r.
2, 5, 31
Let j(s) = 4*s**3 + 99*s**2 - 113*s**2 + 19*s + 15 + 23*s. List the prime factors of j(7).
5, 199
Let n(u) = u**2 + 2*u + 1. Let a be n(-3). List the prime factors of (-4096)/24*(-6)/a.
2
Let t be (-176)/(-72) + 16/(-36). List the prime factors of (2184/t - 4) + 8.
2, 137
Suppose -3*v = 5*m - 2*m - 14307, -5*m = 4*v - 23843. List the prime factors of (10/(-15))/((-7)/m).
2, 227
Let a = -260 + 1028. Let o = a - 633. List the prime factors of o.
3, 5
Suppose 0 = -3*m - 18*o + 13*o + 19765, -26340 = -4*m - 4*o. List the prime factors of m.
2, 5, 7, 47
Let m = -503 + 666. Let d = 260 - m. What are the prime factors of d?
97
Let m(d) = 5*d**2 + 18*d + 249. List the prime factors of m(-56).
43, 347
Let l be 25/10*-3*4/(-3). Let a(j) be the first derivative of 2*j**3/3 - 5*j**2 - 8*j - 1. What are the prime factors of a(l)?
2, 23
Suppose 22*j + 4422 = -858. List the prime factors of 1*-5*31392/j.
2, 3, 109
Suppose 27*w = 23*w - 40. Let a(g) = -2*g**2 - 27*g - 22. What are the prime factors of a(w)?
2, 3
Let c = 42578 + -26773. What are the prime factors of c?
5, 29, 109
Let u(n) = n**3 + 15*n**2 + 14*n. Let g be u(-13). Suppose 0 = 34*r - 4*r - 2520. Suppose -r - g = -5*t. List the prime factors of t.
2, 3
Let q be 0 + (10680/54 - (-2)/9). Suppose -269 = -4*i + 3*r, 2*i = -i + r + q. Let s = i - 62. What are the prime factors of s?
3
Let r be 0*-3*2/(-12). Suppose -p = -5*n + 3*p + 18, -n + 4 = -p. Suppose -4*a + 2*s + 186 = r, -12 = -n*a + 4*s + 78. What are the prime factors of a?
47
Suppose -k + 2*q - 5*q + 2 = 0, 2*q = 0. Let x be -4 - ((-4)/2 - k). Suppose x = -5*u + 8 + 22. List the prime factors of u.
2, 3
Let n(s) = -46*s - 239. Let k(h) = -46*h - 239. Let r(j) = 5*k(j) - 6*n(j). What are the prime factors of r(9)?
653
Suppose 5*a - 395 = -2*k, -3*k - a + 822 = 262. Let n = 290 - 407. Let h = n + k. What are the prime factors of h?
2, 17
Let l(r) = 198*r**2 - 187*r - 32. What are the prime factors of l(12)?
2, 7, 937
Suppose 13447 = 25*v - 18582 - 67471. List the prime factors of v.
2, 5, 199
Let u(l) = -35*l**2 + 3*l + 1. Let o be u(-2). Let r = 13 - o. Suppose -4*h + 2*h = -4*x + r, 25 = -5*h. What are the prime factors of x?
37
Suppose 3*r - r = 8, -2*r = -5*n + 2. Let y be 8/(-6)*6/(-4). Suppose -n*u = -3*a + 361, 3*a - 355 = u - y*u. List the prime factors of a.
7, 17
Suppose 43 = -4*z + 3*s, 5*s = 1325*z - 1328*z + 4. Suppose 0 = -4*a - a - 85. List the prime factors of (z - (-5)/5)*a/2.
3, 17
Let o(s) = -23*s - 1026. List the prime factors of o(-70).
2, 73
Let k(s) = -3*s + 46. Let d be k(14). Let i be 4/(-8)*4 + d. Suppose -525 = -6*c + 3*c + i*w, c - 182 = 3*w. What are the prime factors of c?
173
Suppose 4*j = 2*w - 2, 0 = 4*j - 0*j + 2*w + 22. Let z be (102 - 101)/((-2)/(-82)). Let d = j + z. What are the prime factors of d?
2, 19
Suppose 0 = 9*f - 65538 + 18927. List the prime factors of f.
5179
Let f(k) = -18*k + 90. Let d be f(5). Let z(i) = i**3 - i**2 + 138. What are the prime factors of z(d)?
2, 3, 23
Let u(n) = 187*n**2 - 43*n - 600. List the prime factors of u(-11).
2, 3, 5
Let j(h) be the second derivative of h**6/8 - h**5/60 - h**4/24 - h**3/2 - 9*h. Let o(w) be the second derivative of j(w). List the prime factors of o(-1).
2, 23
Let x(g) be the second derivative of -20*g**3/3 - 69*g**2/2 + g - 25. List the prime factors of x(-7).
211
List the prime factors of ((-40)/(-3))/(16/(-69480)*-15).
2, 5, 193
Suppose 0*h - 19066 = -5*h + 2*o, h = -21*o + 3749. List the prime factors of h.
2, 953
What are the prime factors of 12513*1*-15*8/(-72)?
5, 43, 97
Suppose -23*k - 2*s + 6 = -22*k, 5*k - 62 = -2*s. Suppose 0 = 11*x - k*x + 1965. What are the prime factors of x?
5, 131
Let k be -1075 + ((-3)/1 - 3). Let v = 1770 + k. List the prime factors of v.
1